 is divided by a(-3)?
4
Let v = 65 - -55. Let h = v - 115. Suppose -4*n = -3*l - 262, h*l - 5 = n - 62. Calculate the remainder when n is divided by 23.
21
Let c = 2275 - 2269. What is the remainder when 146 is divided by c?
2
Calculate the remainder when -14*-2*(12 - 10) is divided by ((-1)/1)/(3/(-57)).
18
Suppose -22*p - 12330 = -52*p. What is the remainder when p is divided by 69?
66
What is the remainder when 298/3*(-303)/(-202) is divided by 47?
8
Let f(v) = 3*v**3 - 39*v**2 - 79*v - 27. What is the remainder when f(15) is divided by 48?
42
What is the remainder when 934 is divided by 204/(-1 - 10*(-1)/4)?
118
Suppose -8*d + 25 = -3*d. Suppose -3*u - c + 30 = 0, -4*u + d*c - 7 = -47. Calculate the remainder when 105 is divided by u.
5
Let v = 362 - 302. Suppose -276*d + 274*d + v = 0. What is the remainder when 83 is divided by d?
23
Let m(r) = -2*r. Suppose 22 = 4*t + 2. Suppose -3*k - k + 4*v = -424, t*v = 10. Calculate the remainder when k is divided by m(-11).
20
Let s = 1969 + -1955. What is the remainder when 276 is divided by s?
10
Suppose 3*z - 3*c - 75 = 0, 2*z - 5 = z - 3*c. Calculate the remainder when z is divided by (-14)/49 + ((-372)/(-7))/4.
7
Let l be (-19)/((-1330)/(-240))*140/(-2). Let o = l + 57. Calculate the remainder when o is divided by 30.
27
Let y(n) = 2*n**2 - 23*n - 437. What is the remainder when 485 is divided by y(-12)?
104
Let r = 423 - 398. Suppose -22*u = -r*u + 48. What is the remainder when 39 is divided by u?
7
Let h(s) = 3*s**2 + 58*s + 12. Let o be h(-19). Let p(i) = -2*i + 16. What is the remainder when 209 is divided by p(o)?
29
Suppose 768 - 4158 = -113*x. What is the remainder when 582 is divided by x?
12
Suppose -438 - 161 = -16*n + 729. Calculate the remainder when 14854 is divided by n.
80
Let y(w) = -w**3 + 15*w**2 - 78*w + 1248. Let l(v) = 2*v**2 - v - 2. Calculate the remainder when y(15) is divided by l(-3).
2
Suppose 40*o - 42*o = -t + 3, 0 = -5*o + 40. Calculate the remainder when (-8)/(-2)*(-75)/(-6) is divided by t.
12
Let u = 667 + -387. What is the remainder when 99 - 0/(0 - -2) is divided by (u/147*-3)/(2/(-7))?
19
Let a(r) = r**3 - 6*r**2 + 2*r - 27. Let g = -100 + 107. Calculate the remainder when 136 is divided by a(g).
28
Let y = -11057 - -11155. What is the remainder when y is divided by 87?
11
Suppose -6*n - 4 = -28. Suppose -o + 55 = 3*i, -n*o + 5*i + 34 = -101. Calculate the remainder when 279 is divided by o.
39
Let t = -3478 - -4519. Calculate the remainder when t is divided by 103.
11
Suppose -3*s - 7*j = -12*j - 32, -s + 5*j = -24. Suppose c = y + 63, -2*c + 4*c - 161 = -5*y. What is the remainder when c is divided by s?
0
Suppose 3*u - 2*u = 10. Let h be (24/(-15))/(4/120). Calculate the remainder when (-1764)/h*(-24)/(-9) is divided by u.
8
Let j(t) = -144*t - 11. What is the remainder when j(-2) is divided by 47?
42
Let b = -1054 - -503. Let x = b + 603. Calculate the remainder when 144 is divided by x.
40
Let o = -676 - -686. Let d = -333 + 653. Suppose 3*n + 3*w - 2*w - 196 = 0, 5*n + 3*w = d. Calculate the remainder when n is divided by o.
7
Calculate the remainder when 335 is divided by -12*((-24)/(-4) - (-4)/(80/(-415))).
158
Let j = 91 + 16. Suppose j*s - 112*s + 135 = 0. Calculate the remainder when 128 is divided by s.
20
Let n(d) = 4*d**3 - d**2 + 5*d + 4. Let r be n(3). Suppose -108*u - 30 = -r*u. What is the remainder when 11 is divided by u?
2
Let l be (-11)/(-66) - ((-893)/6 + -2). Let f = l + -145. Calculate the remainder when f is divided by 4.
2
Let c(s) = -s**3 - 23*s**2 - 25*s - 71. Let m be c(-23). Suppose -5*d = 3*t - m, 5*t - 806 = 3*d - 0*d. What is the remainder when t is divided by 15?
13
Let x = 154785 - 154769. Suppose -5*y + 3*i = -1234, 3*y - 962 = -5*i - 208. Suppose y = 4*l - 0*l. What is the remainder when l is divided by x?
14
Let j = -102 + 110. Suppose 3*q = 1 + 20. Calculate the remainder when (363/(-44))/((-2)/j - 0) is divided by q.
5
Suppose 2*y - 20554 = -4*a + 1242, 3*a - 16365 = 3*y. Calculate the remainder when a is divided by 58.
57
Let l be (-92)/(-16) + -5 + 318/(-8). Calculate the remainder when 57 is divided by 21 + 0 - (-9 - l)/5.
12
Let u be (-100)/(-4)*42/6. Suppose 212 = -u*v + 179*v. Calculate the remainder when v is divided by 12.
5
Let w be (-570)/4*(24 + -26). Let l = 547 - w. What is the remainder when l is divided by 22?
20
Suppose -3*j - z + 3 = 4, -2*j + 5*z = -22. Suppose 0 = -4*a + 8*a - 88. What is the remainder when 1972/51 - j/(-3) is divided by a?
17
Suppose m + 1 - 68 = -5*c, c = 6*m - 464. What is the remainder when (-6)/((-72)/3596) - (-5)/15 is divided by m?
69
Let a(t) = -13*t - 21. Calculate the remainder when 658 is divided by a(-5).
42
Suppose 20*c = -1060 + 7800. What is the remainder when c is divided by 57?
52
Suppose 130 = 5*q + 5*u, 1 = q + 4*u - 10. What is the remainder when (-7 - -2 - -4)*-277 is divided by q?
29
Let i = 1553 + -1501. What is the remainder when 201 is divided by i?
45
Let b = -743 + 1067. Suppose -3*t - 294 + b = 0. What is the remainder when 179 is divided by t?
9
Suppose -5*k = -7*k - 2. Let b(w) = 21*w**2 + w + 1. Let r be b(k). Let y = 89 - r. What is the remainder when y is divided by 24?
20
Let z(k) = 252*k**2 + 695*k - 695. What is the remainder when z(1) is divided by 233?
19
Suppose -4*a + 1 = -n, -n = -3*n + 3*a - 7. Let b(h) = -h**3 - 2*h**2 + 12*h - 2. What is the remainder when ((-56)/21)/((-4)/90) is divided by b(n)?
8
Let f(l) be the second derivative of l**4/12 - 5*l**3/6 + 473*l**2/2 + 91*l. Calculate the remainder when f(0) is divided by 34.
31
Let o(s) = 2*s**2 - 6*s - 17. Let g be o(10). Suppose 0 = g*u - 128*u + 290. What is the remainder when 115 is divided by u?
57
Suppose -3*p - 58 - 1618 = -5*z, -2*z + 662 = -4*p. What is the remainder when z is divided by 181?
156
Let f = 41 - 37. Suppose -5*u + 44 = f*h, -2*u - 19 = -2*h + 21. Suppose -5*x + 19 = n - 39, 2*n = x - h. Calculate the remainder when 94 is divided by x.
10
Let t(q) be the second derivative of -17*q**3/6 - 11*q**2/2 - 89*q. Calculate the remainder when t(-4) is divided by 4.
1
Suppose 2670 - 840 = 15*u. What is the remainder when 4024 is divided by u?
120
Let l = -1031 - -1058. Suppose 268 = l*j - 245. What is the remainder when (-434)/(-6) + 2/3 is divided by j?
16
Let d(i) be the third derivative of i**6/120 + i**5/20 - 11*i**4/24 + 4*i**3/3 - 207*i**2. Calculate the remainder when ((-76)/3)/(-2)*6 is divided by d(-5).
11
Let u(m) = -3*m + 17. Let z be u(5). Calculate the remainder when z*2 + 123/1 + 10 is divided by 35.
32
Let x be (3 - 1) + -73 - 4. Calculate the remainder when 120/x*610/(-4) is divided by 13.
10
Let w(f) = f**3 + 3*f**2 - 279*f + 86. Calculate the remainder when 1119 is divided by w(0).
1
Let a be ((-441)/(-98))/(2/204). What is the remainder when (28/(-12))/((-9)/a) is divided by 31?
26
Let b(a) = 16*a - 29. Let j = 25 - 22. What is the remainder when 42 is divided by b(j)?
4
Suppose -22*p - 878 = -3430. Suppose -p = -5*n + 79. Calculate the remainder when n is divided by 8.
7
Suppose -3*g + 87 = 3*r - 15, 2*g = 2*r + 56. Suppose -j - 9*w = -8*w - 7, -75 = -5*j + 3*w. What is the remainder when g is divided by j?
7
Let v = 51 - 7. Let i = -41 + v. Suppose -4*p + 4*n + 13 = -3, 5*p - 48 = -2*n. Calculate the remainder when p is divided by i.
2
Let z(q) = -q - 2. Let g be z(-3). Let w(f) = 66*f**2 - 96*f + 64*f**3 + 96*f - 67*f**2 + 1. What is the remainder when w(g) is divided by 13?
12
Let r(h) = -10 - h**3 - 6*h - 21*h + 54*h - 16*h**2 + 3*h**2. Let d be r(-15). Let c = -15 + d. Calculate the remainder when c is divided by 6.
2
Suppose 0 = -3*d + m - 7 + 3, 5*d + 5*m - 20 = 0. Calculate the remainder when 28812/210 + d + 2/(-10) is divided by 69.
68
Let d = 51 - 51. Suppose d = -2*n - 2*n - w + 154, -104 = -3*n + 5*w. Let s(h) = 10*h + 1. What is the remainder when n is divided by s(2)?
17
Suppose 4*g = -4*d - 28, 0*d = 2*d + 3*g + 15. What is the remainder when 71 is divided by (1 + 0 + d)/((-3)/9)?
11
Suppose 144*h - 136*h - 272 = 0. Calculate the remainder when 325 is divided by h.
19
Let l(i) = -14 - 12*i - 8*i + 4 + 12*i. Calculate the remainder when 4 + 0 - (24/8 - 51) is divided by l(-3).
10
Suppose 5*t = -2*f + 6 + 6, f + 7 = 4*t. Suppose 7*q - 195